e 2*v + 0 + 2 = 0. Let u be (0 - v)*40/4*1. Calculate the greatest common divisor of 320 and u.
10
Let y = 3465 + -3417. Suppose -244 = -4*i - 4*n, -201 = -6*i + 3*i + 3*n. What is the highest common divisor of i and y?
16
Let r be 2/14 - (-10064)/112. What is the highest common divisor of r and 20?
10
Let s = 2 - -58. What is the greatest common divisor of s and 285?
15
Suppose 2*r + 0 = 34. Suppose -3*v = -16 - r. What is the highest common factor of 11 and v?
11
Let i(l) = -2*l - 7. Let b be i(-4). Let w be (15 - -8) + (b - 2). What is the greatest common factor of w and 198?
22
Let h = 190 + 22. What is the greatest common divisor of 159 and h?
53
Suppose 3*t - 2*l = 930, 2*l + 352 = 2*t - 270. What is the highest common factor of t and 231?
77
Suppose -p - 336 = -2*b, 2*b + p - 324 = 5*p. Suppose k = -k - 4, -3*t = -4*k - 212. Calculate the highest common factor of t and b.
34
Suppose 2*t - 149 = 5*q - 23, 257 = 5*t + 2*q. Suppose 4*f - t = -5. Let w be ((-4)/(-14) + 3 + -5)*-35. Calculate the greatest common divisor of w and f.
12
Let s(y) = -15*y - 11. Let x be s(-2). Calculate the highest common factor of 209 and x.
19
Let s = -28 - -389. What is the highest common factor of s and 38?
19
Suppose 60*x = 63*x - 15. Calculate the highest common divisor of x and 100.
5
Let t be ((-4)/(-6))/(4/18). Let l be (3*(-2)/t)/(-1). Let i = -1094 + 1100. What is the highest common factor of i and l?
2
Let x be (-24)/((108/8)/9). Let j = x - -16. Suppose j - 120 = -2*f. Calculate the highest common factor of 12 and f.
12
Suppose 51 = 3*q + 3. Suppose 2*y - q = -2*y. Let l be 5 - 3/6*-78. Calculate the highest common divisor of y and l.
4
Let r(l) = 12*l**2 + 4*l. Let q be r(-4). Let b = 649 + -633. Calculate the greatest common divisor of q and b.
16
Suppose 8*h = 3*h + 20. Let s(l) = 1 + 0 - l**2 - 1 - 4 + 7*l. Let k be s(h). Calculate the highest common divisor of 88 and k.
8
Let g = 43 - 43. Suppose t - 141 + 51 = g. What is the greatest common divisor of t and 20?
10
Suppose 0 = -3*c + 3*y + y + 203, 3*c = 3*y + 204. Let t = c - 51. What is the greatest common divisor of t and 6?
6
Let b = -5 + 7. Let x = 491 + -347. Let q be x/10 + (-8)/20. Calculate the greatest common divisor of b and q.
2
Let z(h) = 7*h**2 - 42*h + 123. Let n be z(5). Calculate the highest common factor of 40 and n.
8
Let k be 100/(-15)*(-66)/2. Suppose 3*o = -o + 8. Suppose -o*j + 4*j = k. What is the greatest common factor of j and 22?
22
Let d(y) = y**3 - 8*y**2 + 9*y - 3. Let x = 5 - 4. Let g = x + 6. Let v be d(g). Calculate the highest common divisor of v and 99.
11
Let o = 555 - 351. Calculate the highest common divisor of 36 and o.
12
Let k(w) = -w**3 + 12*w**2 - 17*w + 22. Let h be k(10). Let u = 185 - 94. Calculate the greatest common divisor of h and u.
13
Let s be (-15)/10 + (-1)/2. Let x be (-5 - s) + 27 + 3. Suppose -g = -3*u + x, -u + 17 = -3*g - 0*g. What is the greatest common factor of u and 64?
8
Let s = 3 + 0. Let p = s + 8. Suppose 2*x = -4*d + 69 + 21, 3*d - 70 = -4*x. What is the greatest common divisor of d and p?
11
Let o be (408/(-18))/(3/(-9)). What is the greatest common factor of 306 and o?
34
Suppose 3*m - w - 3*w = 28, -m = 5*w - 22. What is the highest common divisor of m and 384?
12
Let o be 5 - (7 + 276/(-3)). Calculate the greatest common factor of 50 and o.
10
Suppose -3*t + 14 = -2*a, 20 = -3*a - 2*a. Suppose -2*y = t*y - 360. What is the highest common factor of 36 and y?
18
Let m be 0 - (-2 - 1) - -9. Suppose -5*c = -7 + m. Let k(q) = 84*q**2 - q - 1. Let u be k(c). Calculate the greatest common factor of u and 12.
12
Suppose 0 = 22*l + 32*l - 87264. Calculate the greatest common factor of l and 101.
101
Suppose -5*d - 4*y + 3 = -59, 0 = d + 3*y - 19. Suppose 0 = -5*u + 3*o + 13, 7*u + 3*o - 17 = 6*u. What is the greatest common divisor of u and d?
5
Let v(z) = -12*z - 3. Let x be v(-7). What is the highest common divisor of 1 and x?
1
Suppose -w + 2*w = u - 7, -u = -2*w - 9. Let c be (-40)/(-1)*(-1)/w. Suppose 3*v = 3*a - 0*v, 4*a + 2*v = 24. What is the highest common factor of c and a?
4
Suppose 5*x + 90 = 4*o, 4*o + 33*x - 37*x - 88 = 0. What is the highest common factor of 164 and o?
4
Let w(n) = 7*n**2 + 14*n - 99. Let u be w(5). Calculate the highest common divisor of 73 and u.
73
Suppose 4*p - 6*p + 160 = 0. Let b be (-6 + 3 - -5)*-8. Let x be (225/(-60))/(6/b). What is the greatest common divisor of p and x?
10
Suppose 2*b + 8*j = 5*j + 75, b + 3*j - 42 = 0. Calculate the highest common factor of b and 275.
11
Let p be (-3)/9 + ((-399)/(-9) - -10). What is the greatest common divisor of 30 and p?
6
Let h be (-2)/11 - 144261/(-99). Calculate the greatest common factor of 31 and h.
31
Let s = 21 + 29. Suppose -8*b = -3*b - s. Calculate the greatest common factor of 25 and b.
5
Suppose -7*o = o + 1200. Let h be o/(-9)*(-216)/(-45). Suppose 5*v - 22 = 58. Calculate the highest common factor of h and v.
16
Let j be ((-58704)/102)/(-4) - (-4)/34. Calculate the greatest common factor of j and 324.
36
Let y(t) = 3*t + 15. Let q be y(-10). Let x be 3/(25/q + 2). What is the greatest common factor of 63 and x?
9
Suppose 2*y + 2*y = 144. Suppose 3*o - 17 + 77 = -5*b, 5*o + 25 = 0. Let k be (-78)/(-9) + (-3)/b. What is the highest common divisor of y and k?
9
Suppose 14 - 38 = -4*c - 4*v, c + 2*v = 10. Suppose j - 5 = c*y + 13, j - 10 = -2*y. Calculate the highest common divisor of j and 35.
7
Let s(a) = -9*a. Let n be s(-5). Let o = 67 + -64. Let l be o/(1*(-1)/(-5)). What is the greatest common factor of l and n?
15
Let d(q) = 2*q**2 + 3*q - 8. Let r be d(-4). Calculate the greatest common factor of 1884 and r.
12
Let l = -25 - -34. Let y be (-3)/12 - (-5313)/84. What is the highest common divisor of y and l?
9
Let w(v) = -v**2 + 11*v - 16. Let o be w(7). Suppose -358 - 74 = -4*r. What is the greatest common factor of r and o?
12
Let t(c) = -c**3 + 49*c**2 + 2*c - 65. Let n be t(49). What is the greatest common divisor of 33 and n?
33
Suppose 0 = 4*v + 12, w - 3*v + 7*v = 3. Let j(o) = -2*o + 7*o**2 + 4*o**2 - 7*o**2 + 5*o**2. Let c be j(3). Calculate the highest common divisor of w and c.
15
Suppose 43*v - 53*v + 40 = 0. Calculate the highest common factor of 14 and v.
2
Let o be (-3)/(-24) + 15590/80. Suppose o - 33 = 3*r. Calculate the greatest common factor of r and 135.
27
Suppose -4*x = -2*c - 90, -99 = -4*x + 6*c - c. Calculate the highest common factor of x and 28.
7
Suppose -5*g = 8*d - 3*d - 15, -27 = -3*g + 3*d. Let n be ((-18)/7)/(g/(-140)). Suppose 0 = -x + 18 - 8. What is the highest common factor of n and x?
10
Suppose 15 = n - 2*f, -n + f + 9 = 5*f. Suppose 2*h + 3*h = -2*s + 172, -4*s = -h - 366. What is the highest common divisor of n and s?
13
Let i be 27 + (12/6)/(-2)*1. Suppose -2*k + 50 = -0*o + 2*o, 0 = -5*o + 4*k + 134. What is the highest common divisor of o and i?
26
Suppose 0 = -2*g + 4, -2*c + 56 = 5*g - 2*g. Suppose c = 2*m + 7. Let l = m - 0. What is the greatest common factor of 6 and l?
3
Let h(c) = -c**3 + 8*c**2 - c + 1. Let j be h(7). Let u = -31 + j. Suppose -13*z + 18 = -u*z. What is the highest common factor of 6 and z?
6
Let h = 811 + -783. Calculate the highest common divisor of h and 80.
4
Let s = -149 - -221. What is the greatest common factor of s and 24?
24
Let g(d) = -5*d**2 + 95*d - 410. Let u be g(12). Let n = 3 + 3. Let o be n/((4/10)/1). Calculate the highest common divisor of o and u.
5
Let d(i) = -i + 7. Let q be d(0). Let a = -5 + q. Let m = 17 - a. Calculate the greatest common factor of 105 and m.
15
Suppose -4*f = 3*c - 8*c + 6, -5*f - 2*c = -9. Suppose 2*t - t = 2*b + 1, 0 = 2*t + 2*b - 26. Calculate the greatest common divisor of t and f.
1
Suppose 58 - 331 = -3*i. Let b = 190 - i. Calculate the highest common factor of 11 and b.
11
Let p = 144 + -212. Let k be (66/4)/((-51)/p). What is the greatest common factor of k and 11?
11
Let w = -103 + 111. Suppose 2*s + 0*s + 3*z + 2 = 0, 0 = -3*s + 5*z + 16. What is the greatest common divisor of w and s?
2
Let w = 1368 - 520. Calculate the highest common divisor of w and 16.
16
Suppose -9 = 5*c - 319. Let q = c - 58. Calculate the greatest common divisor of q and 20.
4
Let a be 8/(-36) - (6 + (-974)/9). Calculate the highest common f